{"id":2,"date":"2019-09-07T15:24:35","date_gmt":"2019-09-07T15:24:35","guid":{"rendered":"https:\/\/christophe.dalem.fr\/?page_id=2"},"modified":"2021-11-13T21:56:39","modified_gmt":"2021-11-13T19:56:39","slug":"a-propos","status":"publish","type":"page","link":"https:\/\/christophe.dalem.fr\/index.php\/a-propos\/","title":{"rendered":"A propos"},"content":{"rendered":"\n<p>Photographe amateur depuis plusieurs ann\u00e9es, je me suis d\u00e9cid\u00e9 \u00e0 cr\u00e9er ce site pour pr\u00e9senter mon travail.<\/p>\n\n\n\n<p><\/p>\n\n\n\n<p>Ce site devrait \u00e9voluer au fur et \u00e0 mesure de ma progression. Merci de votre visite et n&rsquo;h\u00e9sitez pas \u00e0 laisser un commentaire, j&rsquo;en serai heureux et vous r\u00e9pondrai si vous le souhaitez.<\/p>\n\n\n\n<p>Il ne sera fait aucun usage de vos informations personnelles hormis de me permettre de vous r\u00e9pondre le cas \u00e9ch\u00e9ant.<\/p>\n\n\n\n<p>Vous pouvez \u00e9galement retrouver des photos sur Instagram :<\/p>\n\n\n\n<p><a href=\"https:\/\/www.instagram.com\/christophe_dalem\/\">https:\/\/www.instagram.com\/christophe_dalem\/<\/a><\/p>\n\n\n\n<p class=\"has-small-font-size\">Toutes les photographies  de ce site sont la propri\u00e9t\u00e9 exclusive de Christophe Dalem et prot\u00e9g\u00e9es par  les lois internationales sur le copyright et le Code de la Propri\u00e9t\u00e9  Intellectuelle. \u00a9 Christophe Dalem 2021.   Elles ne peuvent \u00eatre utilis\u00e9es, sous quelque forme que ce soit, sans une autorisation \u00e9crite de son auteur, ou sans avoir sign\u00e9 un contrat de   cession de droits d&rsquo;auteur. <\/p>\n\n\n\n<p class=\"has-small-font-size\"><\/p>\n","protected":false},"excerpt":{"rendered":"<p>Photographe amateur depuis plusieurs ann\u00e9es, je me suis d\u00e9cid\u00e9 \u00e0 cr\u00e9er ce site pour pr\u00e9senter mon travail. Ce site devrait \u00e9voluer au fur et \u00e0 mesure de ma progression. Merci de votre visite et n&rsquo;h\u00e9sitez pas \u00e0 laisser un commentaire, j&rsquo;en serai heureux et vous r\u00e9pondrai si vous le souhaitez. Il ne sera fait aucun&hellip; <a class=\"more-link\" href=\"https:\/\/christophe.dalem.fr\/index.php\/a-propos\/\">Poursuivre la lecture <span class=\"screen-reader-text\">A propos<\/span><\/a><\/p>\n","protected":false},"author":1,"featured_media":0,"parent":0,"menu_order":9,"comment_status":"open","ping_status":"closed","template":"","meta":{"footnotes":""},"class_list":["post-2","page","type-page","status-publish","hentry","entry"],"yoast_head":"<!-- This site is optimized with the Yoast SEO plugin v27.3 - https:\/\/yoast.com\/product\/yoast-seo-wordpress\/ -->\n<title>A propos - Christophe Dalem<\/title>\n<meta name=\"description\" content=\"Site d&#039;un photographe amateur souhaitant pr\u00e9senter simplement son travail. R\u00e9ceptif \u00e0 la vie urbaine et ses \u00e9ventuelles surprises et au passage du temps.\" \/>\n<meta name=\"robots\" content=\"index, follow, max-snippet:-1, max-image-preview:large, max-video-preview:-1\" \/>\n<link rel=\"canonical\" href=\"https:\/\/christophe.dalem.fr\/index.php\/a-propos\/\" \/>\n<meta property=\"og:locale\" content=\"fr_FR\" \/>\n<meta property=\"og:type\" content=\"article\" \/>\n<meta property=\"og:title\" content=\"A propos - Christophe Dalem\" \/>\n<meta property=\"og:description\" content=\"Site d&#039;un photographe amateur souhaitant pr\u00e9senter simplement son travail. R\u00e9ceptif \u00e0 la vie urbaine et ses \u00e9ventuelles surprises et au passage du temps.\" \/>\n<meta property=\"og:url\" content=\"https:\/\/christophe.dalem.fr\/index.php\/a-propos\/\" \/>\n<meta property=\"og:site_name\" content=\"Christophe Dalem\" \/>\n<meta property=\"article:modified_time\" content=\"2021-11-13T19:56:39+00:00\" \/>\n<meta name=\"twitter:card\" content=\"summary_large_image\" \/>\n<meta name=\"twitter:label1\" content=\"Dur\u00e9e de lecture estim\u00e9e\" \/>\n\t<meta name=\"twitter:data1\" content=\"1 minute\" \/>\n<script type=\"application\/ld+json\" class=\"yoast-schema-graph\">{\"@context\":\"https:\\\/\\\/schema.org\",\"@graph\":[{\"@type\":\"WebPage\",\"@id\":\"https:\\\/\\\/christophe.dalem.fr\\\/index.php\\\/a-propos\\\/\",\"url\":\"https:\\\/\\\/christophe.dalem.fr\\\/index.php\\\/a-propos\\\/\",\"name\":\"A propos - Christophe Dalem\",\"isPartOf\":{\"@id\":\"https:\\\/\\\/christophe.dalem.fr\\\/#website\"},\"datePublished\":\"2019-09-07T15:24:35+00:00\",\"dateModified\":\"2021-11-13T19:56:39+00:00\",\"description\":\"Site d'un photographe amateur souhaitant pr\u00e9senter simplement son travail. R\u00e9ceptif \u00e0 la vie urbaine et ses \u00e9ventuelles surprises et au passage du temps.\",\"breadcrumb\":{\"@id\":\"https:\\\/\\\/christophe.dalem.fr\\\/index.php\\\/a-propos\\\/#breadcrumb\"},\"inLanguage\":\"fr-FR\",\"potentialAction\":[{\"@type\":\"ReadAction\",\"target\":[\"https:\\\/\\\/christophe.dalem.fr\\\/index.php\\\/a-propos\\\/\"]}]},{\"@type\":\"BreadcrumbList\",\"@id\":\"https:\\\/\\\/christophe.dalem.fr\\\/index.php\\\/a-propos\\\/#breadcrumb\",\"itemListElement\":[{\"@type\":\"ListItem\",\"position\":1,\"name\":\"Home\",\"item\":\"https:\\\/\\\/christophe.dalem.fr\\\/\"},{\"@type\":\"ListItem\",\"position\":2,\"name\":\"A propos\"}]},{\"@type\":\"WebSite\",\"@id\":\"https:\\\/\\\/christophe.dalem.fr\\\/#website\",\"url\":\"https:\\\/\\\/christophe.dalem.fr\\\/\",\"name\":\"Christophe Dalem\",\"description\":\"\",\"publisher\":{\"@id\":\"https:\\\/\\\/christophe.dalem.fr\\\/#\\\/schema\\\/person\\\/e9ad51d9bcb5d809d6680f2f9b48b170\"},\"potentialAction\":[{\"@type\":\"SearchAction\",\"target\":{\"@type\":\"EntryPoint\",\"urlTemplate\":\"https:\\\/\\\/christophe.dalem.fr\\\/?s={search_term_string}\"},\"query-input\":{\"@type\":\"PropertyValueSpecification\",\"valueRequired\":true,\"valueName\":\"search_term_string\"}}],\"inLanguage\":\"fr-FR\"},{\"@type\":[\"Person\",\"Organization\"],\"@id\":\"https:\\\/\\\/christophe.dalem.fr\\\/#\\\/schema\\\/person\\\/e9ad51d9bcb5d809d6680f2f9b48b170\",\"name\":\"Christophe Dalem\",\"image\":{\"@type\":\"ImageObject\",\"inLanguage\":\"fr-FR\",\"@id\":\"https:\\\/\\\/secure.gravatar.com\\\/avatar\\\/382c11ec53444d6920a450684b1bfcb1b0bf4b713d0e1366f2d85a1a4c8f5944?s=96&d=mm&r=g\",\"url\":\"https:\\\/\\\/secure.gravatar.com\\\/avatar\\\/382c11ec53444d6920a450684b1bfcb1b0bf4b713d0e1366f2d85a1a4c8f5944?s=96&d=mm&r=g\",\"contentUrl\":\"https:\\\/\\\/secure.gravatar.com\\\/avatar\\\/382c11ec53444d6920a450684b1bfcb1b0bf4b713d0e1366f2d85a1a4c8f5944?s=96&d=mm&r=g\",\"caption\":\"Christophe Dalem\"},\"logo\":{\"@id\":\"https:\\\/\\\/secure.gravatar.com\\\/avatar\\\/382c11ec53444d6920a450684b1bfcb1b0bf4b713d0e1366f2d85a1a4c8f5944?s=96&d=mm&r=g\"},\"sameAs\":[\"https:\\\/\\\/christophe.dalem.fr\",\"https:\\\/\\\/www.instagram.com\\\/christophe_dalem\\\/\"]}]}<\/script>\n<!-- \/ Yoast SEO plugin. -->","yoast_head_json":{"title":"A propos - Christophe Dalem","description":"Site d'un photographe amateur souhaitant pr\u00e9senter simplement son travail. R\u00e9ceptif \u00e0 la vie urbaine et ses \u00e9ventuelles surprises et au passage du temps.","robots":{"index":"index","follow":"follow","max-snippet":"max-snippet:-1","max-image-preview":"max-image-preview:large","max-video-preview":"max-video-preview:-1"},"canonical":"https:\/\/christophe.dalem.fr\/index.php\/a-propos\/","og_locale":"fr_FR","og_type":"article","og_title":"A propos - Christophe Dalem","og_description":"Site d'un photographe amateur souhaitant pr\u00e9senter simplement son travail. R\u00e9ceptif \u00e0 la vie urbaine et ses \u00e9ventuelles surprises et au passage du temps.","og_url":"https:\/\/christophe.dalem.fr\/index.php\/a-propos\/","og_site_name":"Christophe Dalem","article_modified_time":"2021-11-13T19:56:39+00:00","twitter_card":"summary_large_image","twitter_misc":{"Dur\u00e9e de lecture estim\u00e9e":"1 minute"},"schema":{"@context":"https:\/\/schema.org","@graph":[{"@type":"WebPage","@id":"https:\/\/christophe.dalem.fr\/index.php\/a-propos\/","url":"https:\/\/christophe.dalem.fr\/index.php\/a-propos\/","name":"A propos - Christophe Dalem","isPartOf":{"@id":"https:\/\/christophe.dalem.fr\/#website"},"datePublished":"2019-09-07T15:24:35+00:00","dateModified":"2021-11-13T19:56:39+00:00","description":"Site d'un photographe amateur souhaitant pr\u00e9senter simplement son travail. R\u00e9ceptif \u00e0 la vie urbaine et ses \u00e9ventuelles surprises et au passage du temps.","breadcrumb":{"@id":"https:\/\/christophe.dalem.fr\/index.php\/a-propos\/#breadcrumb"},"inLanguage":"fr-FR","potentialAction":[{"@type":"ReadAction","target":["https:\/\/christophe.dalem.fr\/index.php\/a-propos\/"]}]},{"@type":"BreadcrumbList","@id":"https:\/\/christophe.dalem.fr\/index.php\/a-propos\/#breadcrumb","itemListElement":[{"@type":"ListItem","position":1,"name":"Home","item":"https:\/\/christophe.dalem.fr\/"},{"@type":"ListItem","position":2,"name":"A propos"}]},{"@type":"WebSite","@id":"https:\/\/christophe.dalem.fr\/#website","url":"https:\/\/christophe.dalem.fr\/","name":"Christophe Dalem","description":"","publisher":{"@id":"https:\/\/christophe.dalem.fr\/#\/schema\/person\/e9ad51d9bcb5d809d6680f2f9b48b170"},"potentialAction":[{"@type":"SearchAction","target":{"@type":"EntryPoint","urlTemplate":"https:\/\/christophe.dalem.fr\/?s={search_term_string}"},"query-input":{"@type":"PropertyValueSpecification","valueRequired":true,"valueName":"search_term_string"}}],"inLanguage":"fr-FR"},{"@type":["Person","Organization"],"@id":"https:\/\/christophe.dalem.fr\/#\/schema\/person\/e9ad51d9bcb5d809d6680f2f9b48b170","name":"Christophe Dalem","image":{"@type":"ImageObject","inLanguage":"fr-FR","@id":"https:\/\/secure.gravatar.com\/avatar\/382c11ec53444d6920a450684b1bfcb1b0bf4b713d0e1366f2d85a1a4c8f5944?s=96&d=mm&r=g","url":"https:\/\/secure.gravatar.com\/avatar\/382c11ec53444d6920a450684b1bfcb1b0bf4b713d0e1366f2d85a1a4c8f5944?s=96&d=mm&r=g","contentUrl":"https:\/\/secure.gravatar.com\/avatar\/382c11ec53444d6920a450684b1bfcb1b0bf4b713d0e1366f2d85a1a4c8f5944?s=96&d=mm&r=g","caption":"Christophe Dalem"},"logo":{"@id":"https:\/\/secure.gravatar.com\/avatar\/382c11ec53444d6920a450684b1bfcb1b0bf4b713d0e1366f2d85a1a4c8f5944?s=96&d=mm&r=g"},"sameAs":["https:\/\/christophe.dalem.fr","https:\/\/www.instagram.com\/christophe_dalem\/"]}]}},"_links":{"self":[{"href":"https:\/\/christophe.dalem.fr\/index.php\/wp-json\/wp\/v2\/pages\/2","targetHints":{"allow":["GET"]}}],"collection":[{"href":"https:\/\/christophe.dalem.fr\/index.php\/wp-json\/wp\/v2\/pages"}],"about":[{"href":"https:\/\/christophe.dalem.fr\/index.php\/wp-json\/wp\/v2\/types\/page"}],"author":[{"embeddable":true,"href":"https:\/\/christophe.dalem.fr\/index.php\/wp-json\/wp\/v2\/users\/1"}],"replies":[{"embeddable":true,"href":"https:\/\/christophe.dalem.fr\/index.php\/wp-json\/wp\/v2\/comments?post=2"}],"version-history":[{"count":8,"href":"https:\/\/christophe.dalem.fr\/index.php\/wp-json\/wp\/v2\/pages\/2\/revisions"}],"predecessor-version":[{"id":489,"href":"https:\/\/christophe.dalem.fr\/index.php\/wp-json\/wp\/v2\/pages\/2\/revisions\/489"}],"wp:attachment":[{"href":"https:\/\/christophe.dalem.fr\/index.php\/wp-json\/wp\/v2\/media?parent=2"}],"curies":[{"name":"wp","href":"https:\/\/api.w.org\/{rel}","templated":true}]}}